he units digit of x?
3
Suppose t - 33 = 5*d - 3*d, 4*d = 16. What is the units digit of t?
1
Let x(d) = -2*d + 3. Let o be x(-3). Let p = o - 0. What is the units digit of p?
9
Suppose 0 = -68*r + 72*r - 96. What is the tens digit of r?
2
Let t(z) = -11*z. What is the tens digit of t(-4)?
4
Let v = -47 + 82. What is the tens digit of v?
3
Suppose 2*m + 50 = -3*m. Let c(n) = n**2 + 8*n - 14. What is the units digit of c(m)?
6
Let h be ((-42)/12)/((-2)/20). Suppose -5*x + 0*x - 5 = 0, h = 4*a + x. What is the units digit of a?
9
Let z(x) = 65*x + 1. What is the units digit of z(1)?
6
Suppose -2 = 2*y, -2*y + 4*y = 5*s - 12. Suppose -6*r = -s*r - 24. What is the units digit of r?
6
Let a = -9 + 11. Suppose -4*z + 54 - a = 0. What is the units digit of z?
3
Suppose 2*z - 3*z = 9. Let l = z - -21. What is the tens digit of l?
1
Let o(y) = 2*y**3 + 2*y**2 + 4*y - 6. What is the tens digit of o(5)?
1
Suppose 3*o + 2*w + 32 = -o, -36 = 2*o - 4*w. What is the units digit of 3/((-6)/4)*o?
0
Let f(g) = -1 + 2*g**2 + 4*g - 3*g**2 - 3*g + 7*g**3. Suppose x + 12 = -3*v - 4*x, -3*v + 5*x = -18. What is the units digit of f(v)?
6
Suppose 4*m - 295 = -m. What is the tens digit of m?
5
Let y be (-3)/12 - (-15)/12. Suppose m - 8 = -y. What is the units digit of m?
7
Let s be 1*((-2)/1)/2. Let y be (-3 + s)/(1*2). What is the tens digit of (-1)/(y/(-68)*-2)?
1
Suppose 0 = 5*u + 5*l - 55, -8 = 4*u - 5*l - 61. Let k = u + 25. What is the tens digit of k?
3
Suppose 100 = 3*i + 2*i. What is the tens digit of i?
2
What is the tens digit of 2/13 + 6 + (-1396)/(-52)?
3
Let k be (-2 + 0)/((-6)/15). Suppose 3*h + k*x = 16, 5*h = -2*x + x + 34. What is the units digit of h?
7
Suppose 3*w = -2*w + 320. Suppose 5*a - 46 = -3*k, w = 5*k - 3*a + 5*a. What is the units digit of k?
2
Let d(y) = y + 13. Let q(j) = -j**3 + 4*j**2 + j - 4. Suppose -4*s - s + 20 = 0. Let f be q(s). What is the units digit of d(f)?
3
Let o = 87 - 50. What is the tens digit of o?
3
Suppose 61 = 2*b - 39. What is the units digit of b?
0
Suppose 2*a - 244 = 3*g, a - g = -0*g + 122. Suppose a - 27 = 5*j. What is the units digit of j?
9
What is the units digit of 237/2 + -2 + (-21)/(-6)?
0
Suppose -p - 7 = 3*k - k, -5*p - 15 = 5*k. What is the units digit of k/6 - (-426)/18?
3
Suppose 3*i - 200 = -2*m, -4*m + 7 = -2*i + 151. What is the units digit of i?
8
Suppose 3*u - 494 = 2*y, -165 = -2*u - y + 169. What is the tens digit of u?
6
Suppose 2*t = -4 - 4. Let k(i) = i**2 + i. Let v(u) = -2*u**2 + u + 6. Let b(h) = 3*k(h) + v(h). What is the units digit of b(t)?
6
Suppose -4*q = -o + 42, -5*o - 2*q + 181 + 7 = 0. What is the units digit of o?
8
Suppose -2*s + 7*s = -5*b + 680, 516 = 4*b - 3*s. What is the tens digit of b?
3
Let h(p) = -8*p + 6. Let r(b) = 15*b - 11. Let a(f) = 5*h(f) + 3*r(f). What is the units digit of a(2)?
7
What is the units digit of 2/5 + (-1794)/(-65)?
8
What is the units digit of ((-2)/(-2))/((-3)/(-72))?
4
Let f(o) = -o**3 - 6*o**2 - 4*o + 5. Let l be f(-4). Let k = l - -24. Let r = k - -3. What is the tens digit of r?
1
Let p(a) = 50*a**3 - 2*a**2 + a - 1. Let o be 3 + 1 + -1 + -2. What is the tens digit of p(o)?
4
Suppose -d - 146 = -4*r - 2*d, 3*d = 4*r - 138. What is the units digit of r?
6
Suppose 0 = 4*d - 20. Suppose -d*j - 10 = 5*v, 4*j + 3*v + 3 = -2. What is the units digit of j?
1
Let v(f) = -2*f**3 - 2*f**2 + 1. Let s be v(-2). Suppose s = 2*i + 3. What is the units digit of i?
3
Let i = -3 + 27. What is the units digit of i?
4
What is the units digit of 33/(-11) + (1 - -108)?
6
Suppose 70*v - 69*v - 288 = 0. What is the hundreds digit of v?
2
Suppose 0 = 4*a - 24 - 4. What is the units digit of a?
7
Suppose -6*v = -5*v. Suppose v = -3*f + f + 40. What is the tens digit of f?
2
Suppose 0 = -3*r + 5*g + 163 + 25, 310 = 5*r - 5*g. What is the tens digit of r/4 + (-2)/8?
1
Suppose 3*h + 3*d = 162, -6*d = h - 2*d - 48. Let q = h - 32. Suppose -x + q = 2*g, -5*g + 3*x = -x - 86. What is the tens digit of g?
1
Let s = 166 + -53. What is the units digit of s?
3
Let g = -8 + 8. Suppose p - 3*r - 6 = g, p = -3*r + 5 + 7. What is the units digit of p?
9
Let o = -68 + 110. Suppose p = -2*p + o. What is the units digit of p?
4
Let j = -150 - -239. What is the units digit of j?
9
Suppose 0 = -3*i + 39 + 39. What is the units digit of i?
6
Suppose 2*u - 6*u - 40 = 0. Let t(z) = -z**2 - 4*z - 1. Let k be t(-5). Let p = k - u. What is the units digit of p?
4
Let s(r) be the first derivative of r**5/12 + r**4/8 + r**3/3 - r**2 + 3. Let u(p) be the second derivative of s(p). What is the units digit of u(-2)?
6
Suppose -13 - 9 = -p + 4*v, p - 5*v = 27. Suppose -s + 2*s - p = 0. What is the units digit of (-8 - -3)*-1 + s?
7
Let o(y) = 6 - 16 + 0*y + y. Let q be o(7). What is the units digit of q*2/(-3) - 0?
2
What is the tens digit of 1 + (-96)/(-3) - 3?
3
Suppose -2*f + 3*j - 4*j + 293 = 0, -4*j = -5*f + 700. Suppose -y = 3*y - f. What is the tens digit of y?
3
Let y be 376/10 - 4/(-10). Let x = -22 + y. What is the tens digit of x?
1
Let j(m) = -2*m + 8. Let t = 19 + -32. What is the tens digit of j(t)?
3
Let c(v) = 21*v**2 + 3*v - 11. What is the units digit of c(-4)?
3
Let h(z) = z**2 + 8*z + 6. What is the tens digit of h(-11)?
3
Suppose 7*q = 6*q + 171. What is the tens digit of q?
7
Suppose -5*q - w - 15 = 0, -4*w + 12 = -q + 30. What is the units digit of (-34)/q + 3/(-3)?
6
What is the units digit of 2/4*(5 - -181)?
3
Let a(i) = -i**3 + 19*i**2 - 31*i + 8. What is the tens digit of a(17)?
5
Let y(w) = 2*w**2 - 1 - w**2 - 2*w**3 - 2*w**3. Let v be y(-1). Suppose -v*o + k + 82 = 0, -68 = -3*o + 5*k - k. What is the tens digit of o?
2
Suppose 7*b = 6*b + 47. What is the units digit of b?
7
Let b(m) = -3*m + 6. Let x(g) = -g - 11. Let z be x(-6). What is the tens digit of b(z)?
2
Let t be ((-99)/12 - 3)*-4. Let f = t + -16. What is the tens digit of f?
2
Let h = -139 - -199. Let j = h - 36. What is the tens digit of j?
2
Let o be (8 - 10) + (-4 - -1). What is the tens digit of (-224)/(-10) - (-2)/o?
2
Let h = -2 - -10. Suppose 7 + h = 5*z. Suppose -z*d + 4*m - 16 = -5*d, 2*m - 24 = -3*d. What is the units digit of d?
8
Let d = -82 + 120. What is the tens digit of d?
3
Let b(i) = -i**2 + 19*i + 3. Let h be b(19). What is the tens digit of 1/(h/63 - 0)?
2
Let h(t) = t**2 - 3*t + 2. Let w be h(3). Suppose -w*m + 5 + 9 = -4*k, 2*k = 0. Suppose -r - 4*r + 2*i + 25 = 0, i = -4*r + m. What is the units digit of r?
3
Let x(c) = 5*c - 1. Let z be x(2). Let h = z - 5. What is the units digit of h?
4
Let c = -2 + 4. Suppose w - 3*w + 46 = -c*h, -4*w - h + 77 = 0. What is the tens digit of w?
2
Suppose 0 = 16*k - 11*k - 25. Suppose 5*b + 2*y + 3*y - 20 = 0, 14 = 4*b + k*y. What is the units digit of b?
6
Let m = 41 - -13. What is the units digit of m?
4
Suppose 146 = 5*k - t, -3*t - 30 = -2*k + 18. Let j = -16 + k. What is the units digit of 4/6*(1 + j)?
0
Let f = -29 - -48. What is the units digit of f?
9
Suppose -3*i - 368 = -4*c, -5*c + 5*i + 485 = 25. What is the tens digit of c?
9
Suppose 0*u + 2*m = -u, 5*m - 10 = -5*u. Let k(h) = -u + h + 3*h + 6. What is the units digit of k(2)?
0
Suppose -31 = -q - v + 62, -117 = -q + 5*v. What is the units digit of q?
7
Suppose -m + 2*t - 161 = -4*m, 3*m - 160 = -t. What is the tens digit of m?
5
Suppose 0 = 3*w - 9, 5*s + 0*w - 3*w = 96. Suppose 2*r = -3*d - r - 39, d - 3*r = -s. Let q = 26 + d. What is the units digit of q?
1
Let x(q) = 4*q**2 + 2*q + 4. What is the tens digit of x(-3)?
3
Suppose 128 = 18*g - 14*g. What is the units digit of g?
2
Suppose 0 = 3*i - 81 + 21. What is the units digit of i?
0
Suppose -p + 0*b = -b - 11, 2*p - b - 22 = 0. What is the tens digit of p?
1
Let k = 117 + -29. What is the tens digit of k?
8
Suppose -i + 12 = 3*y + 2*i, 4*y - 9 = 3*i. Suppose -2*q + 60 = y*q. Suppose 0 = -2*x - x + q. What is the units digit of x?
4
Suppose -3*o - 27 = 2*g, -2*g + 13 = -3*o - 2*o. Let i = g + 12. What is the units digit of i?
6
Let w = 75 + 33. What is the tens digit of w?
0
Let a = 769 + -454. Suppose -6*m + 9*m = -a. What is the units digit of m/(-28) + 3/(-4)?
3
Suppose -2*l + 22 = 2*r - 0*r, -2*l = -10. Let u = 14 - r. What is the units digit of u?
8
Let u(h) = h**2 + 2*h + 5. Let z be u(4). Suppose -4*f + 9 - z = 0. Let